rime?
True
Is 80621 prime?
True
Is 4399 prime?
False
Is 28169 prime?
False
Is 50287 composite?
False
Is 611727 a prime number?
False
Is 34321 a composite number?
True
Is 90331 composite?
True
Is 11197 a prime number?
True
Is 1303 a composite number?
False
Is 22331 a prime number?
False
Is 30881 prime?
True
Is 48731 composite?
False
Is 4127 prime?
True
Is 5019169 composite?
False
Is 2221045 a prime number?
False
Is 166043 a prime number?
True
Is 297417 composite?
True
Is 42061 prime?
True
Is 13009 a prime number?
True
Is 29327 prime?
True
Is 17939 prime?
True
Is 256721 a composite number?
False
Is 672398 prime?
False
Is 86501 a composite number?
False
Is 128431 prime?
True
Is 2962381 a prime number?
True
Is 193163 prime?
True
Is 363017 composite?
False
Is 311159 composite?
True
Is 169457 prime?
True
Is 603361 a composite number?
True
Is 6033 prime?
False
Is 4685 composite?
True
Is 770741 a prime number?
True
Is 417863 a composite number?
False
Is 23741 composite?
False
Is 73417 prime?
True
Is 203 prime?
False
Is 749433 prime?
False
Is 22465 composite?
True
Is 28637 composite?
True
Is 6359 composite?
False
Is 19171 a prime number?
False
Is 4534 a composite number?
True
Is 72421 a prime number?
True
Is 344221 a composite number?
False
Is 18143 composite?
False
Is 40429 a composite number?
False
Is 6799 a prime number?
False
Is 4435 a prime number?
False
Is 11051 a prime number?
False
Is 1503583 a composite number?
False
Is 102491 composite?
True
Is 5471 composite?
False
Is 51682 prime?
False
Is 40163 composite?
False
Is 193773 prime?
False
Is 151789 a composite number?
True
Is 35813 composite?
True
Is 14197 a composite number?
False
Is 691791 composite?
True
Is 318709 a prime number?
False
Is 60859 a prime number?
True
Is 12013 a composite number?
True
Is 1932797 composite?
False
Is 21257 prime?
False
Is 223903 a prime number?
True
Is 6509 prime?
False
Is 242861 prime?
False
Is 2707 composite?
False
Is 6421 composite?
False
Is 3935 a prime number?
False
Is 56351 a composite number?
True
Is 181777 prime?
True
Is 20841 prime?
False
Is 434842 a composite number?
True
Is 19438 composite?
True
Is 87693 prime?
False
Is 84263 prime?
True
Is 473 a composite number?
True
Is 7907 composite?
False
Is 1731 a composite number?
True
Is 136195 prime?
False
Is 257423 a prime number?
False
Is 13537 a composite number?
False
Is 124067 composite?
False
Is 2053 prime?
True
Is 9511 a prime number?
True
Is 34721 a prime number?
True
Is 800563 a composite number?
True
Is 64037 a prime number?
True
Is 163537 prime?
False
Is 1678315 composite?
True
Is 23963 a prime number?
False
Is 169831 a prime number?
True
Is 16129 prime?
False
Is 1721633 a composite number?
False
Is 26365 a prime number?
False
Is 581683 composite?
False
Is 6863 a composite number?
False
Is 180617 a composite number?
False
Is 7769 prime?
False
Is 62627 composite?
False
Is 1607773 prime?
True
Is 32603 prime?
True
Is 227869 prime?
True
Is 5257 a prime number?
False
Is 77633 composite?
True
Is 284857 a composite number?
False
Is 480477 a composite number?
True
Is 36913 prime?
True
Is 22805 composite?
True
Is 7697 composite?
True
Is 62507 prime?
True
Is 6139 a composite number?
True
Is 31579 composite?
True
Is 75503 prime?
True
Is 2291 composite?
True
Is 1517 a prime number?
False
Is 46261 a prime number?
True
Is 394699 prime?
True
Is 87691 a prime number?
True
Is 770061 a composite number?
True
Is 14923 a composite number?
False
Is 430403 composite?
True
Is 58169 a prime number?
True
Is 159293 composite?
False
Is 179993 composite?
True
Is 100357 prime?
True
Is 21118 composite?
True
Is 1258879 a prime number?
False
Is 1970981 a prime number?
False
Is 13567 prime?
True
Is 439 a composite number?
False
Is 658941 a prime number?
False
Is 139715 composite?
True
Is 1881155 composite?
True
Is 26153 composite?
False
Is 392611 composite?
False
Is 13259 a composite number?
False
Is 553027 composite?
True
Is 138727 composite?
False
Is 2219671 a composite number?
False
Is 33419 composite?
True
Is 6927 a composite number?
True
Is 15959 composite?
False
Is 10937 composite?
False
Is 24443 a composite number?
False
Is 797 prime?
True
Is 101741 composite?
False
Is 835651 a composite number?
True
Is 1841069 a prime number?
True
Is 118693 composite?
True
Is 1516897 a prime number?
True
Is 24286 a prime number?
False
Is 163105 composite?
True
Is 1399 a prime number?
True
Is 202613 prime?
True
Is 1749817 a prime number?
False
Is 200155 prime?
False
Is 26333 a prime number?
False
Is 7621 prime?
True
Is 98843 a prime number?
False
Is 472469 a prime number?
True
Is 414727 a prime number?
False
Is 14527 composite?
True
Is 14699 prime?
True
Is 1567 a composite number?
False
Is 48973 composite?
False
Is 114331 prime?
False
Is 87719 composite?
False
Is 43823 prime?
False
Is 443 a prime number?
True
Is 72301 a composite number?
True
Is 41341 prime?
True
Is 1649 a composite number?
True
Is 25523 prime?
True
Is 31043 a prime number?
False
Is 3704671 a composite number?
False
Is 6883 a prime number?
True
Is 108935 a prime number?
False
Is 413059 composite?
True
Is 244757 composite?
True
Is 20537 a prime number?
False
Is 4161487 a prime number?
False
Is 859 prime?
True
Is 3407 composite?
False
Is 174223 composite?
True
Is 3809369 prime?
True
Is 441289 a prime number?
False
Is 54709 composite?
False
Is 27769 a prime number?
False
Is 158419 prime?
True
Is 9687 a prime number?
False
Is 51109 prime?
True
Is 547621 a prime number?
False
Is 3459 a composite number?
True
Is 118191 a prime number?
False
Is 3587 composite?
True
Is 1723769 composite?
False
Is 22301 prime?
False
Is 2039 a composite number?
False
Is 384173 a prime number?
True
Is 146447 a composite number?
True
Is 152911 composite?
True
Is 581 prime?
False
Is 102647 prime?
True
Is 1169 a composite number?
True
Is 22259 a composite number?
False
Is 21001 composite?
False
Is 293323 a composite number?
True
Is 21431 prime?
False
Is 14381 prime?
False
Is 56113 a composite number?
False
Is 771527 composite?
False
Is 248511 composite?
True
Is 1363 a composite number?
True
Is 1034395 a prime number?
False
Is 132739 a composite number?
False
Is 18227 prime?
False
Is 1007 composite?
True
Is 2579 prime?
True
Is 1812922 composite?
True
Is 911069 a composite number?
True
Is 24443 composite?
False
Is 40693 composite?
False
Is 135319 a prime number?
True
Is 30307 composite?
False
Is 5388127 prime?
False
Is 44483 a prime number?
True
Is 857258 composite?
True
Is 50017 prime?
False
Is 8761 composite?
False
Is 9599 a composite number?
True
Is 635419 prime?
False
Is 109807 composite?
False
Is 252257 a composite number?
True
Is 2661 a composite number?
True
Is 166223 a prime number?
False
Is 16045 a prime number?
False
Is 166063 prime?
True
Is 38299 a composite number?
False
Is 176573 prime?
True
Is 38813 prime?
False
Is 2535977 composite?
False
Is 676187 composite?
True
Is 2584549 prime?
False
Is 96743 a composite number?
True
Is 2186083 a prime number?
False
Is 33287 prime?
True
Is 415526 a prime number?
False
Is 853705 a composite number?
True
Is 233531 prime?
False
Is 19531 prime?
True
Is 4307 a composite number?
True
Is 72019 prime?
True
Is 30911 a composite number?
False
Is 5227 prime?
True
Is 57821 a composite number?
True
Is 5453147 prime?
False
Is 11159 composite?
False
Is 500141 a prime number?
False
Is 263503 a prime number?
True
Is 8093 prime?
True
Is 10901 composite?
True
Is 46601 a composite number?
False
Is 25537 prime?
True
Is 65431 prime?
False
Is 5297 a prime number?
True
Is 1139 a composite number?
True
Is 777977 a prime number?
True
Is 30449 a prime number?
True
Is 22531 prime?
True
Is 10739 composite?
False
Is 73411 a prime number?
False
Is 6863 a prime number?
True
Is 58337 a prime number?
True
Is 39379 a composite number?
True
Is 14197 a composite number?
False
Is 1078399 prime?
False
Is 70639 a composite number?
False
Is 441377 prime?
False
Is 389819 a prime number?
True
Is 206399 prime?
True
Is 226333 a composite number?
True
Is 570149 composite?
True
Is 3947 prime?
True
Is 138343 composite?
True
Is 328829 a prime number?
True
Is 40607 a prime number?
False
Is 53939 prime?
True
Is 353971 prime?
False
Is 1657 a composite number?
False
Is 1443571 prime?
True
Is 5603 a comp